 1024?
0
What is the units digit of 34015?
5
What is the ten thousands digit of 18890?
1
What is the tens digit of 1292?
9
What is the tens digit of 64?
6
What is the tens digit of 1467?
6
What is the tens digit of 6144?
4
What is the units digit of 22?
2
What is the units digit of 224?
4
What is the tens digit of 8498?
9
What is the hundreds digit of 69253?
2
What is the hundreds digit of 20451?
4
What is the units digit of 1920?
0
What is the hundreds digit of 18213?
2
What is the hundreds digit of 8029?
0
What is the ten thousands digit of 12550?
1
What is the tens digit of 1255?
5
What is the tens digit of 2367?
6
What is the tens digit of 564?
6
What is the units digit of 84?
4
What is the hundreds digit of 16323?
3
What is the hundreds digit of 1033?
0
What is the thousands digit of 2098?
2
What is the tens digit of 2376?
7
What is the tens digit of 74730?
3
What is the tens digit of 1486?
8
What is the units digit of 13853?
3
What is the tens digit of 67157?
5
What is the tens digit of 27962?
6
What is the hundreds digit of 18754?
7
What is the units digit of 94710?
0
What is the hundreds digit of 18632?
6
What is the tens digit of 4641?
4
What is the tens digit of 8152?
5
What is the thousands digit of 3493?
3
What is the ten thousands digit of 13173?
1
What is the units digit of 1644?
4
What is the units digit of 15876?
6
What is the hundreds digit of 1116?
1
What is the units digit of 2524?
4
What is the tens digit of 53187?
8
What is the hundreds digit of 1193?
1
What is the thousands digit of 13945?
3
What is the units digit of 1081?
1
What is the tens digit of 26973?
7
What is the hundreds digit of 26921?
9
What is the units digit of 42345?
5
What is the units digit of 165?
5
What is the units digit of 7785?
5
What is the tens digit of 14319?
1
What is the units digit of 29341?
1
What is the units digit of 64582?
2
What is the tens digit of 6178?
7
What is the units digit of 124604?
4
What is the thousands digit of 73801?
3
What is the ten thousands digit of 35949?
3
What is the tens digit of 20513?
1
What is the hundreds digit of 3038?
0
What is the tens digit of 1749?
4
What is the hundreds digit of 8281?
2
What is the units digit of 123276?
6
What is the tens digit of 59062?
6
What is the units digit of 2426?
6
What is the units digit of 161?
1
What is the hundreds digit of 7499?
4
What is the units digit of 14952?
2
What is the hundreds digit of 438?
4
What is the units digit of 12581?
1
What is the units digit of 3708?
8
What is the thousands digit of 1724?
1
What is the units digit of 13982?
2
What is the thousands digit of 1820?
1
What is the thousands digit of 9738?
9
What is the units digit of 5218?
8
What is the units digit of 27185?
5
What is the tens digit of 2522?
2
What is the ten thousands digit of 16621?
1
What is the thousands digit of 3714?
3
What is the ten thousands digit of 23906?
2
What is the tens digit of 14606?
0
What is the thousands digit of 3042?
3
What is the units digit of 1355?
5
What is the tens digit of 1018?
1
What is the hundreds digit of 5792?
7
What is the hundreds digit of 3770?
7
What is the thousands digit of 1658?
1
What is the tens digit of 13184?
8
What is the thousands digit of 10902?
0
What is the ten thousands digit of 11424?
1
What is the units digit of 5772?
2
What is the units digit of 4737?
7
What is the units digit of 13360?
0
What is the tens digit of 1671?
7
What is the tens digit of 115?
1
What is the thousands digit of 53695?
3
What is the tens digit of 939?
3
What is the hundreds digit of 2611?
6
What is the tens digit of 10492?
9
What is the units digit of 10830?
0
What is the units digit of 987?
7
What is the tens digit of 20402?
0
What is the units digit of 3157?
7
What is the ten thousands digit of 161956?
6
What is the tens digit of 739?
3
What is the hundreds digit of 3992?
9
What is the units digit of 16814?
4
What is the hundreds digit of 3544?
5
What is the units digit of 33582?
2
What is the thousands digit of 3931?
3
What is the thousands digit of 86641?
6
What is the thousands digit of 21024?
1
What is the units digit of 4424?
4
What is the tens digit of 6671?
7
What is the units digit of 1877?
7
What is the tens digit of 1357?
5
What is the hundreds digit of 227?
2
What is the units digit of 21159?
9
What is the ten thousands digit of 10367?
1
What is the thousands digit of 11008?
1
What is the hundreds digit of 860?
8
What is the units digit of 793?
3
What is the tens digit of 570?
7
What is the hundreds digit of 499?
4
What is the hundreds digit of 6320?
3
What is the units digit of 48?
8
What is the units digit of 1697?
7
What is the units digit of 3381?
1
What is the tens digit of 34758?
5
What is the hundreds digit of 10762?
7
What is the units digit of 9917?
7
What is the thousands digit of 3997?
3
What is the hundreds digit of 67751?
7
What is the hundreds digit of 26381?
3
What is the thousands digit of 2844?
2
What is the hundreds digit of 54894?
8
What is the ten thousands digit of 62030?
6
What is the hundreds digit of 648?
6
What is the ten thousands digit of 47883?
4
What is the thousands digit of 6812?
6
What is the hundreds digit of 5661?
6
What is the thousands digit of 6765?
6
What is the tens digit of 694?
9
What is the ten thousands digit of 11535?
1
What is the thousands digit of 1428?
1
What is the tens digit of 31807?
0
What is the units digit of 28204?
4
What is the hundreds digit of 41625?
6
What is the hundreds digit of 925?
9
What is the thousands digit of 5848?
5
What is the hundreds digit of 4286?
2
What is the ten thousands digit of 58649?
5
What is the hundreds digit of 601?
6
What is the tens digit of 26308?
0
What is the units digit of 170760?
0
What is the hundreds digit of 90335?
3
What is the units digit of 8?
8
What is the thousands digit of 7955?
7
What is the ten thousands digit of 23434?
2
What is the units digit of 29?
9
What is the tens digit of 29963?
6
What is the units digit of 1385?
5
What is the thousands digit of 4382?
4
What is the thousands digit of 7258?
7
What is the units digit of 646?
6
What is the hundreds digit of 9270?
2
What is the hundreds digit of 4570?
5
What is the thousands digit of 1602?
1
What is the units digit of 12767?
7
What is the thousands digit of 2505?
2
What is the hundreds digit of 5001?
0
What is the thousands digit of 2257?
2
What is the hundreds digit of 138742?
7
What is the tens digit of 749?
4
What is the tens digit of 10558?
5
What is the units digit of 1848?
8
What is the tens digit of 28239?
3
What is the hundreds digit of 15190?
1
What is the units digit of 29290?
0
What is the hundreds digit of 59121?
1
What is the tens digit of 9427?
2
What is the tens digit of 116513?
1
What is the hundreds digit of 36801?
8
What is the tens digit of 79800?
0
What is the tens digit of 607?
0
What is the hundreds digit of 75560?
5
What is the thousands digit of 1491?
1
What is the tens digit of 3691?
9
What is the hundreds digit of 652?
6
What is the tens digit of 2897?
9
What is the tens digit of 214?
1
What is the ten thousands digit of 20395?
2
What is the hundreds digit of 5202?
2
What is the ten thousands digit of 40170?
4
What is the ten thousands digit of 43096?
4
What is the thousands digit of 20305?
0
What is the hundreds digit of 923?
9
What is the ten thousands digit of 14833?
1
What is the units digit of 30?
0
What is the units digit of 6190?
0
What is the ten thousands digit of 11560?
1
What is the hundreds digit of 3116?
1
What is the tens digit of 72?
7
What is the tens digit of 1688?
8
What is the tens digit of 1795?
9
What is the tens digit of 1826?
2
What is the tens digit of 3467?
6
What is the units digit of 711?
1
What is the hundreds digit of 1035?
0
What is the tens digit of 1005?
0
What is the hundreds digit of 3105?
1
What is the thousands digit of 3415?
3
What is the units digit of 5012?
2
What is the hundreds digit of 1083?
0
What is the units digit of 426?
6
What is the hundreds digit of 833?
8
What is the thousands digit of 14197?
4
What is the thousands digit of 24488?
4
What is the hundred thousands digit of 121793?
1
What is the tens digit of 474?
7
What is the units digit of 10296?
6
What is the hundred thousands digit of 103111?
1
What is the units digit of